{"id":128,"date":"2020-11-13T11:42:03","date_gmt":"2020-11-13T11:42:03","guid":{"rendered":"http:\/\/terplanszki.hu\/?page_id=128"},"modified":"2020-11-13T11:56:26","modified_gmt":"2020-11-13T11:56:26","slug":"kedves-tovabbtanulo","status":"publish","type":"page","link":"https:\/\/terplanszki.hu\/?page_id=128","title":{"rendered":"Kedves Tov\u00e1bbtanul\u00f3!"},"content":{"rendered":"\n<p><strong>Jelentkezz hozz\u00e1nk, legy\u00e9l Te is terpl\u00e1nos di\u00e1k!<\/strong><\/p>\n\n\n\n<p><strong>Mi\u00e9rt \u00e9rdemes a Terpl\u00e1nt v\u00e1lasztani? Mit \u00e9rdemes tudni a Terpl\u00e1n Z\u00e9n\u00f3 Kolping Technikum, Gimn\u00e1zium \u00e9s Szakk\u00e9pz\u0151 Iskol\u00e1ban v\u00e1laszthat\u00f3 k\u00e9pz\u00e9sekr\u0151l?<\/strong><\/p>\n\n\n\n<p>Iskol\u00e1nk J\u00e1szber\u00e9ny egyik meghat\u00e1roz\u00f3 technikumak\u00e9nt m\u0171k\u00f6dik, ahol csal\u00e1dias l\u00e9gk\u00f6rben, di\u00e1kk\u00f6zpont\u00fa oktat\u00e1s folyik. A m\u00e1s telep\u00fcl\u00e9sekr\u0151l bej\u00e1r\u00f3 di\u00e1koknak iskol\u00e1nk a tan\u00edt\u00e1s kezdete el\u0151tt \u00e9s a tan\u00edt\u00e1s befejez\u00e9se ut\u00e1n is biztons\u00e1gos k\u00f6rnyezetet biztos\u00edt.<\/p>\n\n\n\n<p>Az \u00e1ltalunk k\u00edn\u00e1lt technikumi k\u00e9pz\u00e9sek mindegyike lehet\u0151s\u00e9get ad f\u0151iskolai, egyetemi tov\u00e1bbtanul\u00e1sra, illetve a technikus k\u00e9pes\u00edt\u00e9s a munkaer\u0151piacon t\u00f6rt\u00e9n\u0151 elhelyezked\u00e9sre.<\/p>\n\n\n\n<p><strong>A 2021-2022. tan\u00e9vben indul\u00f3 k\u00e9pz\u00e9seink (technikumi oszt\u00e1lyok):<\/strong><\/p>\n\n\n\n<p><strong>Specializ\u00e1lt g\u00e9p- \u00e9s j\u00e1rm\u0171gy\u00e1rt\u00e1s \u00e1gazat<\/strong><\/p>\n\n\n\n<p>Egyedi k\u00f3d: 0001<\/p>\n\n\n\n<p>5 \u00e9ves k\u00e9pz\u00e9s<\/p>\n\n\n\n<p>V\u00e1laszthat\u00f3 idegen nyelvek: angol \/ n\u00e9met<\/p>\n\n\n\n<p>\u00c9retts\u00e9gire, tov\u00e1bbtanul\u00e1sra, technikusi v\u00e9gzetts\u00e9g megszerz\u00e9s\u00e9re ir\u00e1nyul\u00f3 k\u00e9pz\u00e9s, az \u00e1gazat az aut\u00f3szerel\u0151-aut\u00f3elektronika szakter\u00fclethez tartozik.<\/p>\n\n\n\n<p>Megszerezhet\u0151 szakma: <strong>g\u00e9pj\u00e1rm\u0171-mechatronikai technikus<\/strong><\/p>\n\n\n\n<p><strong>G\u00e9p\u00e9szet \u00e1gazat<\/strong><\/p>\n\n\n\n<p>Egyedi k\u00f3d: 0002<\/p>\n\n\n\n<p>5 \u00e9vfolyamos k\u00e9pz\u00e9s<\/p>\n\n\n\n<p>V\u00e1laszthat\u00f3 idegen nyelvek: angol \/ n\u00e9met<\/p>\n\n\n\n<p>\u00c9retts\u00e9gire, tov\u00e1bbtanul\u00e1sra, technikusi v\u00e9gzetts\u00e9g megszerz\u00e9s\u00e9re ir\u00e1nyul\u00f3 k\u00e9pz\u00e9s, az \u00e1gazat a g\u00e9pgy\u00e1rt\u00e1s szakter\u00fclethez tartozik.<\/p>\n\n\n\n<p>Megszerezhet\u0151 szakma: <strong>g\u00e9pgy\u00e1rt\u00e1s-technol\u00f3giai technikus<\/strong><\/p>\n\n\n\n<p><strong>Informatikai \u00e9s t\u00e1vk\u00f6zl\u00e9si \u00e1gazat<\/strong><\/p>\n\n\n\n<p>Egyedi k\u00f3d: 0003<\/p>\n\n\n\n<p>5 \u00e9vfolyamos k\u00e9pz\u00e9s<\/p>\n\n\n\n<p>V\u00e1laszhat\u00f3 idegen nyelvek: angol \/ n\u00e9met<\/p>\n\n\n\n<p>\u00c9retts\u00e9gire, tov\u00e1bbtanul\u00e1sra, technikusi v\u00e9gzetts\u00e9g megszerz\u00e9s\u00e9re ir\u00e1nyul\u00f3 k\u00e9pz\u00e9s, az \u00e1gazat az informatikai rendszer\u00fczemeltet\u0151 szakter\u00fclethez tartozik.<\/p>\n\n\n\n<p>Megszerezhet\u0151 szakma: <strong>informatikai rendszer- \u00e9s alkalmaz\u00e1s\u00fczemeltet\u0151 technikus<\/strong><\/p>\n\n\n\n<p><strong>K\u00f6zleked\u00e9s \u00e9s sz\u00e1ll\u00edtm\u00e1nyoz\u00e1s \u00e1gazat<\/strong><\/p>\n\n\n\n<p>Egyedi k\u00f3d: 0004<\/p>\n\n\n\n<p>5 \u00e9vfolyamos k\u00e9pz\u00e9s<\/p>\n\n\n\n<p>V\u00e1laszthat\u00f3 idegen nyelvek: angol \/ spanyol<\/p>\n\n\n\n<p>\u00c9retts\u00e9gire, tov\u00e1bbtanul\u00e1sra, technikusi v\u00e9gzetts\u00e9g megszerz\u00e9s\u00e9re ir\u00e1nyul\u00f3 k\u00e9pz\u00e9s, az \u00e1gazat a logisztika-sz\u00e1ll\u00edtm\u00e1nyoz\u00e1s szakter\u00fclethez tartozik.<\/p>\n\n\n\n<p>Megszerezhet\u0151 szakma: <strong>logisztikai technikus<\/strong><\/p>\n\n\n\n<p><strong>Gazd\u00e1lkod\u00e1s \u00e9s menedzsment \u00e1gazat<\/strong><\/p>\n\n\n\n<p>Egyedi k\u00f3d: 0005<\/p>\n\n\n\n<p>5 \u00e9vfolyamos k\u00e9pz\u00e9s<\/p>\n\n\n\n<p>V\u00e1laszthat\u00f3 idegen nyelvek: angol \/ n\u00e9met<\/p>\n\n\n\n<p>\u00c9retts\u00e9gire, tov\u00e1bbtanul\u00e1sra, technikusi v\u00e9gzetts\u00e9g megszerz\u00e9s\u00e9re ir\u00e1nyul\u00f3 k\u00e9pz\u00e9s, az \u00e1gazat a p\u00e9nz\u00fcgy-sz\u00e1mvitel szakter\u00fclethez tartozik.<\/p>\n\n\n\n<p>Megszerezhet\u0151 szakma: <strong>p\u00e9nz\u00fcgyi-sz\u00e1mviteli \u00fcgyint\u00e9z\u0151<\/strong><\/p>\n\n\n\n<p><strong>Hogyan jelentkezhetsz?<\/strong><\/p>\n\n\n\n<ul><li>Az oszt\u00e1lyf\u0151n\u00f6k\u00f6dt\u0151l kapott jelentkez\u00e9si lap kit\u00f6lt\u00e9s\u00e9vel.<\/li><li>A jelentkez\u00e9si lapodon megjel\u00f6l\u00f6d azt az \u00e1gazatot, amelyre a felv\u00e9teledet k\u00e9red.<\/li><li>Az iskol\u00e1d tov\u00e1bb\u00edtja a jelentkez\u00e9si lapodat a v\u00e1lasztott k\u00f6z\u00e9piskol\u00e1ba.<\/li><\/ul>\n\n\n\n<p><strong>A felv\u00e9tel valamennyi \u00e1gazatra az \u00e1ltal\u00e1nos iskolai tanulm\u00e1nyi eredm\u00e9nyek alapj\u00e1n t\u00f6rt\u00e9nik.<\/strong><\/p>\n\n\n\n<p><strong>Katolikus iskolak\u00e9nt meghat\u00e1roz\u00f3 a kereszt\u00e9ny \u00e9rt\u00e9krend, de szeretettel v\u00e1rjuk m\u00e1s felekezethez tartoz\u00f3k jelentkez\u00e9s\u00e9t is.<\/strong><\/p>\n","protected":false},"excerpt":{"rendered":"<p>Jelentkezz hozz\u00e1nk, legy\u00e9l Te is terpl\u00e1nos di\u00e1k!<br \/>\nMi\u00e9rt \u00e9rdemes a Terpl\u00e1nt v\u00e1lasztani? Mit \u00e9rdemes tudni a Terpl\u00e1n Z\u00e9n\u00f3 Szakk\u00f6z\u00e9piskola k\u00e9pz\u00e9sekr\u0151l?<\/p>\n","protected":false},"author":1,"featured_media":0,"parent":0,"menu_order":0,"comment_status":"closed","ping_status":"closed","template":"","meta":[],"_links":{"self":[{"href":"https:\/\/terplanszki.hu\/index.php?rest_route=\/wp\/v2\/pages\/128"}],"collection":[{"href":"https:\/\/terplanszki.hu\/index.php?rest_route=\/wp\/v2\/pages"}],"about":[{"href":"https:\/\/terplanszki.hu\/index.php?rest_route=\/wp\/v2\/types\/page"}],"author":[{"embeddable":true,"href":"https:\/\/terplanszki.hu\/index.php?rest_route=\/wp\/v2\/users\/1"}],"replies":[{"embeddable":true,"href":"https:\/\/terplanszki.hu\/index.php?rest_route=%2Fwp%2Fv2%2Fcomments&post=128"}],"version-history":[{"count":3,"href":"https:\/\/terplanszki.hu\/index.php?rest_route=\/wp\/v2\/pages\/128\/revisions"}],"predecessor-version":[{"id":136,"href":"https:\/\/terplanszki.hu\/index.php?rest_route=\/wp\/v2\/pages\/128\/revisions\/136"}],"wp:attachment":[{"href":"https:\/\/terplanszki.hu\/index.php?rest_route=%2Fwp%2Fv2%2Fmedia&parent=128"}],"curies":[{"name":"wp","href":"https:\/\/api.w.org\/{rel}","templated":true}]}}