{"id":250,"date":"2020-12-17T10:09:15","date_gmt":"2020-12-17T09:09:15","guid":{"rendered":"https:\/\/terplanszki.hu\/?page_id=250"},"modified":"2020-12-17T11:12:32","modified_gmt":"2020-12-17T10:12:32","slug":"kozossegi-szolgalat-tajekoztato","status":"publish","type":"page","link":"https:\/\/terplanszki.hu\/?page_id=250","title":{"rendered":"K\u00f6z\u00f6ss\u00e9gi szolg\u00e1lat t\u00e1j\u00e9koztat\u00f3"},"content":{"rendered":"\n<p><strong>IKSZ &#8211; Iskolai K\u00f6z\u00f6ss\u00e9gi Szolg\u00e1lat<\/strong><br>A \u201ek\u00f6z\u00f6ss\u00e9gi szolg\u00e1lat: szoci\u00e1lis, k\u00f6rnyezetv\u00e9delmi, a tanul\u00f3 helyi k\u00f6z\u00f6ss\u00e9g\u00e9nek jav\u00e1t szolg\u00e1l\u00f3, szervezett keretek k\u00f6z\u00f6tt folytatott, anyagi \u00e9rdekt\u0151l f\u00fcggetlen, egy\u00e9ni vagy csoportos tev\u00e9kenys\u00e9g \u00e9s annak pedag\u00f3giai feldolgoz\u00e1sa\u201d<\/p>\n\n\n\n<p><strong>Id\u0151korl\u00e1tok<\/strong><\/p>\n\n\n\n<figure class=\"wp-block-table is-style-stripes\"><table><tbody><tr><td><\/td><td><strong>Id\u0151tartam<\/strong><\/td><td><strong>Elsz\u00e1molhat\u00f3 id\u0151 naponta<\/strong><\/td><td><strong>Nem elsz\u00e1molhat\u00f3 id\u0151<\/strong><\/td><\/tr><tr><td><strong>50 \u00f3ra<\/strong>&nbsp;k\u00f6z\u00f6ss\u00e9gi szolg\u00e1lat<\/td><td>9-11. \u00e9vfolyamon let\u00f6ltend\u0151<\/td><td>Tan\u00edt\u00e1si id\u0151ben h\u00e9tk\u00f6znapokon 1-3 \u00f3rah\u00e9tv\u00e9g\u00e9n, hosszabb sz\u00fcnetekben 1-5 \u00f3ra<\/td><td>a helysz\u00ednre \u00e9s a helysz\u00ednr\u0151l az utaz\u00e1s ideje<\/td><\/tr><\/tbody><\/table><\/figure>\n\n\n\n<p>Nem kell sz\u00fcnetet tartani a napok k\u00f6z\u00f6tt<\/p>\n\n\n\n<p><strong>Korl\u00e1tok<\/strong><\/p>\n\n\n\n<figure class=\"wp-block-table is-style-stripes\"><table><tbody><tr><td><strong>NEM sz\u00fcks\u00e9ges<\/strong><\/td><td><strong>K\u00fclf\u00f6ld\u00f6n NEM<\/strong><\/td><td><strong>Fogad\u00f3 szervezet NEM lehet<\/strong><\/td><\/tr><tr><td>iskolai k\u00f6z\u00f6ss\u00e9gi szolg\u00e1lat&nbsp;a feln\u0151ttoktat\u00e1sban\u00e9s saj\u00e1tos nevel\u00e9si ig\u00e9ny\u0171 tanul\u00f3k eset\u00e9ben &#8211; szak\u00e9rt\u0151i bizotts\u00e1g javaslata aj\u00e1nlott<\/td><td>v\u00e9gezhet k\u00f6z\u00e9rdek\u0171 \u00f6nk\u00e9ntes tev\u00e9kenys\u00e9get&nbsp;16 \u00e9ves kor alatti \u00f6nk\u00e9ntes\u00e9s korl\u00e1tozottan cselekv\u0151k\u00e9pes nagykor\u00fa&nbsp;<\/td><td>\u00e9rdekv\u00e9delmi,k\u00e9pviseleti,vagy politikai szervezetannak ellen\u00e9re, hogy fogadhat \u00f6nk\u00e9nteseket&nbsp;<\/td><\/tr><\/tbody><\/table><\/figure>\n\n\n\n<p><strong>Mi\u00e9rt hasznos?<\/strong><\/p>\n\n\n\n<figure class=\"wp-block-table is-style-stripes\"><table><tbody><tr><td><strong>a jelentkez\u0151 tanul\u00f3nak<\/strong><\/td><td><strong>a fogad\u00f3 szervezetnek<\/strong><\/td><td><strong>az iskol\u00e1nak<\/strong><\/td><\/tr><tr><td>szem\u00e9lyis\u00e9get, kommunik\u00e1ci\u00f3s k\u00e9pess\u00e9geket, \u00f6nismeretet fejleszt\u00e9rz\u00e9keny\u00edtkapcsolatokat \u00e9p\u00edtj\u00f3 gyakorlatszerz\u00e9si lehet\u0151s\u00e9get \u00e9sp\u00e1lyaorient\u00e1ci\u00f3t biztos\u00edtt\u00e1rsadalmi felel\u0151ss\u00e9gv\u00e1llal\u00e1st er\u0151s\u00edtkompetenci\u00e1kat fejlesztn\u00f6veli az \u00f6nbizalmat<\/td><td>alap\u00e9rt\u00e9kek megteremt\u00e9s\u00e9re egy\u00fcttm\u0171k\u00f6d\u00e9s, k\u00f6lcs\u00f6n\u00f6ss\u00e9g, c\u00e9ltudatoss\u00e1g, integr\u00e1l\u00f3d\u00e1s, kapcsolat\u00e9p\u00edt\u00e9s \u00e9s \u00faj er\u0151forr\u00e1sra ad lehet\u0151s\u00e9get a dolgoz\u00f3k munkahely\u00e9nek vesz\u00e9lyeztet\u00e9se,\u00a0\u00e9s szak\u00e9rtelm\u00e9nek helyettes\u00edt\u00e9se n\u00e9lk\u00fcl<\/td><td>\u00faj \u00e9lm\u00e9nypedag\u00f3giai ter\u00fcletekre vezet a k\u00f6lcs\u00f6n\u00f6ss\u00e9g elve alapj\u00e1n \u00fajfajta pedag\u00f3giai kult\u00fara tan\u00e1r-di\u00e1k viszony \u00faj m\u00f3dozatai \u00f6sszhangja k\u00f6z\u00f6ss\u00e9gi szolg\u00e1lat programlehet\u0151s\u00e9gei \u00e9s a pedag\u00f3giai program k\u00f6z\u00f6tt<\/td><\/tr><\/tbody><\/table><\/figure>\n","protected":false},"excerpt":{"rendered":"<p>IKSZ &#8211; Iskolai K\u00f6z\u00f6ss\u00e9gi Szolg\u00e1latA \u201ek\u00f6z\u00f6ss\u00e9gi szolg\u00e1lat: szoci\u00e1lis, k\u00f6rnyezetv\u00e9delmi, a tanul\u00f3 helyi k\u00f6z\u00f6ss\u00e9g\u00e9nek jav\u00e1t szolg\u00e1l\u00f3, szervezett keretek k\u00f6z\u00f6tt folytatott, anyagi \u00e9rdekt\u0151l f\u00fcggetlen, egy\u00e9ni vagy csoportos tev\u00e9kenys\u00e9g \u00e9s annak pedag\u00f3giai feldolgoz\u00e1sa\u201d Id\u0151korl\u00e1tok Id\u0151tartam Elsz\u00e1molhat\u00f3 id\u0151 naponta Nem elsz\u00e1molhat\u00f3 id\u0151 50 \u00f3ra&nbsp;k\u00f6z\u00f6ss\u00e9gi szolg\u00e1lat 9-11. \u00e9vfolyamon let\u00f6ltend\u0151 Tan\u00edt\u00e1si id\u0151ben h\u00e9tk\u00f6znapokon 1-3 \u00f3rah\u00e9tv\u00e9g\u00e9n, hosszabb sz\u00fcnetekben 1-5 \u00f3ra a helysz\u00ednre&hellip;<\/p>\n","protected":false},"author":1,"featured_media":0,"parent":0,"menu_order":0,"comment_status":"closed","ping_status":"closed","template":"","meta":[],"_links":{"self":[{"href":"https:\/\/terplanszki.hu\/index.php?rest_route=\/wp\/v2\/pages\/250"}],"collection":[{"href":"https:\/\/terplanszki.hu\/index.php?rest_route=\/wp\/v2\/pages"}],"about":[{"href":"https:\/\/terplanszki.hu\/index.php?rest_route=\/wp\/v2\/types\/page"}],"author":[{"embeddable":true,"href":"https:\/\/terplanszki.hu\/index.php?rest_route=\/wp\/v2\/users\/1"}],"replies":[{"embeddable":true,"href":"https:\/\/terplanszki.hu\/index.php?rest_route=%2Fwp%2Fv2%2Fcomments&post=250"}],"version-history":[{"count":8,"href":"https:\/\/terplanszki.hu\/index.php?rest_route=\/wp\/v2\/pages\/250\/revisions"}],"predecessor-version":[{"id":259,"href":"https:\/\/terplanszki.hu\/index.php?rest_route=\/wp\/v2\/pages\/250\/revisions\/259"}],"wp:attachment":[{"href":"https:\/\/terplanszki.hu\/index.php?rest_route=%2Fwp%2Fv2%2Fmedia&parent=250"}],"curies":[{"name":"wp","href":"https:\/\/api.w.org\/{rel}","templated":true}]}}