{"id":432,"date":"2022-01-12T11:02:34","date_gmt":"2022-01-12T10:02:34","guid":{"rendered":"https:\/\/terplanszki.hu\/?page_id=432"},"modified":"2022-01-12T11:15:27","modified_gmt":"2022-01-12T10:15:27","slug":"vedettsegi-igazolvany","status":"publish","type":"page","link":"https:\/\/terplanszki.hu\/?page_id=432","title":{"rendered":"V\u00e9detts\u00e9gi igazolv\u00e1ny"},"content":{"rendered":"\n<p><strong>Tisztelt Vizsg\u00e1z\u00f3ink!<\/strong><\/p>\n\n\n\n<p>K\u00e9rj\u00fck \u00d6n\u00f6ket, hogy miel\u0151tt jelentkezn\u00e9nek a vizsg\u00e1ra, gy\u0151z\u0151djenek meg r\u00f3la, hogy a vizsgahely k\u00e9ri-e a v\u00e9detts\u00e9gi igazolv\u00e1nyt.<br>A Terpl\u00e1n Z\u00e9n\u00f3 Technikum k\u00f6znevel\u00e9si int\u00e9zm\u00e9ny, enn\u00e9l fogva <strong>k\u00f6teles v\u00e9detts\u00e9gi igazolv\u00e1nyt k\u00e9rni<\/strong> azon szem\u00e9lyekt\u0151l, akik nem dolgoz\u00f3i vagy tanul\u00f3i az int\u00e9zm\u00e9nynek.<br>Javasoljuk, amennyiben nem rendelkeznek a fenti igazolv\u00e1nnyal, vizsgahelyk\u00e9nt jel\u00f6lj\u00e9k meg a budapesti vizsgak\u00f6zpontot, ahol nem k\u00f6vetelm\u00e9ny a v\u00e9detts\u00e9gi igazol\u00e1s.<br>(Az ITM miniszteri rendelete a h\u00edrek rovatban tal\u00e1lhat\u00f3)<\/p>\n","protected":false},"excerpt":{"rendered":"<p>Tisztelt Vizsg\u00e1z\u00f3ink! K\u00e9rj\u00fck \u00d6n\u00f6ket, hogy miel\u0151tt jelentkezn\u00e9nek a vizsg\u00e1ra, gy\u0151z\u0151djenek meg r\u00f3la, hogy a vizsgahely k\u00e9ri-e a v\u00e9detts\u00e9gi igazolv\u00e1nyt.A Terpl\u00e1n Z\u00e9n\u00f3 Technikum k\u00f6znevel\u00e9si int\u00e9zm\u00e9ny, enn\u00e9l fogva k\u00f6teles v\u00e9detts\u00e9gi igazolv\u00e1nyt k\u00e9rni azon szem\u00e9lyekt\u0151l, akik nem dolgoz\u00f3i vagy tanul\u00f3i az int\u00e9zm\u00e9nynek.Javasoljuk, amennyiben nem rendelkeznek a fenti igazolv\u00e1nnyal, vizsgahelyk\u00e9nt jel\u00f6lj\u00e9k meg a budapesti vizsgak\u00f6zpontot, ahol nem k\u00f6vetelm\u00e9ny a&hellip;<\/p>\n","protected":false},"author":2,"featured_media":0,"parent":0,"menu_order":0,"comment_status":"closed","ping_status":"closed","template":"","meta":[],"_links":{"self":[{"href":"https:\/\/terplanszki.hu\/index.php?rest_route=\/wp\/v2\/pages\/432"}],"collection":[{"href":"https:\/\/terplanszki.hu\/index.php?rest_route=\/wp\/v2\/pages"}],"about":[{"href":"https:\/\/terplanszki.hu\/index.php?rest_route=\/wp\/v2\/types\/page"}],"author":[{"embeddable":true,"href":"https:\/\/terplanszki.hu\/index.php?rest_route=\/wp\/v2\/users\/2"}],"replies":[{"embeddable":true,"href":"https:\/\/terplanszki.hu\/index.php?rest_route=%2Fwp%2Fv2%2Fcomments&post=432"}],"version-history":[{"count":2,"href":"https:\/\/terplanszki.hu\/index.php?rest_route=\/wp\/v2\/pages\/432\/revisions"}],"predecessor-version":[{"id":436,"href":"https:\/\/terplanszki.hu\/index.php?rest_route=\/wp\/v2\/pages\/432\/revisions\/436"}],"wp:attachment":[{"href":"https:\/\/terplanszki.hu\/index.php?rest_route=%2Fwp%2Fv2%2Fmedia&parent=432"}],"curies":[{"name":"wp","href":"https:\/\/api.w.org\/{rel}","templated":true}]}}