{"id":8,"date":"2020-10-28T20:27:28","date_gmt":"2020-10-28T20:27:28","guid":{"rendered":"http:\/\/wp.terplanszki.hu\/?page_id=8"},"modified":"2025-06-29T09:38:52","modified_gmt":"2025-06-29T07:38:52","slug":"elerhetoseg","status":"publish","type":"page","link":"https:\/\/terplanszki.hu\/?page_id=8","title":{"rendered":"El\u00e9rhet\u0151s\u00e9g"},"content":{"rendered":"\n<ul><li><strong>OM azonos\u00edt\u00f3:<\/strong>&nbsp;102547<\/li><\/ul>\n\n\n\n<h2>C\u00edmek:<\/h2>\n\n\n\n<ul><li><strong>c\u00edm:<\/strong> 5100 J\u00e1szber\u00e9ny, Szabads\u00e1g t\u00e9r. 1.<\/li><li><strong>postac\u00edm:<\/strong> 5100 J\u00e1szber\u00e9ny, Pf.: 164.<\/li><\/ul>\n\n\n\n<h2>Telefonsz\u00e1mok:<\/h2>\n\n\n\n<ul><li><strong>titk\u00e1rs\u00e1g:<\/strong> +36&nbsp;57 505-440<\/li><li><strong>tan\u00e1ri:<\/strong>&nbsp;+36-57-505-449<\/li><\/ul>\n\n\n\n<h2>Titk\u00e1rs\u00e1g ny\u00e1ri nyitvatart\u00e1sa<\/h2>\n\n\n\n<p>2025.07.07-2025.08.18 k\u00f6z\u00f6tt a k\u00f6vetkez\u00f5ppen tartunk nyitva:<\/p>\n\n\n\n<ul><li><strong>H\u00e9tf\u0151<\/strong>: Z\u00e1rva<\/li><li><strong>Kedd<\/strong>: 8:00-12:00<\/li><li><strong>Szerda<\/strong>: 08:00-16:00<\/li><li><strong>Cs\u00fct\u00f6rt\u00f6k<\/strong>: 8:00-12:00<\/li><li><strong>P\u00e9ntek<\/strong>: Z\u00e1rva<\/li><\/ul>\n\n\n\n<p>2025.07.04-\u00e9n m\u00e9g a megszokott munkarendben 8-16 \u00f3ra k\u00f6z\u00f6tt lehets\u00e9ges az \u00fcgyint\u00e9z\u00e9s.<\/p>\n\n\n\n<iframe src=\"https:\/\/www.google.com\/maps\/embed?pb=!1m18!1m12!1m3!1d2695.4485601558263!2d19.912745315626815!3d47.50065497917777!2m3!1f0!2f0!3f0!3m2!1i1024!2i768!4f13.1!3m3!1m2!1s0x4741071cdb9d9d7d%3A0xabf1b587202cea17!2zSsOhc3piZXLDqW55LCBTemFiYWRzw6FnIHTDqXIgMSwgNTEwMA!5e0!3m2!1shu!2shu!4v1604076986359!5m2!1shu!2shu\" width=\"600\" height=\"450\" frameborder=\"0\" style=\"border:0;\" allowfullscreen=\"\" aria-hidden=\"false\" tabindex=\"0\"><\/iframe>\n","protected":false},"excerpt":{"rendered":"<p>OM azonos\u00edt\u00f3:&nbsp;102547 C\u00edmek: c\u00edm: 5100 J\u00e1szber\u00e9ny, Szabads\u00e1g t\u00e9r. 1. postac\u00edm: 5100 J\u00e1szber\u00e9ny, Pf.: 164. Telefonsz\u00e1mok: titk\u00e1rs\u00e1g: +36&nbsp;57 505-440 tan\u00e1ri:&nbsp;+36-57-505-449 Titk\u00e1rs\u00e1g ny\u00e1ri nyitvatart\u00e1sa 2025.07.07-2025.08.18 k\u00f6z\u00f6tt a k\u00f6vetkez\u00f5ppen tartunk nyitva: H\u00e9tf\u0151: Z\u00e1rva Kedd: 8:00-12:00 Szerda: 08:00-16:00 Cs\u00fct\u00f6rt\u00f6k: 8:00-12:00 P\u00e9ntek: Z\u00e1rva 2025.07.04-\u00e9n m\u00e9g a megszokott munkarendben 8-16 \u00f3ra k\u00f6z\u00f6tt lehets\u00e9ges az \u00fcgyint\u00e9z\u00e9s.<\/p>\n","protected":false},"author":2,"featured_media":0,"parent":0,"menu_order":0,"comment_status":"closed","ping_status":"closed","template":"","meta":[],"_links":{"self":[{"href":"https:\/\/terplanszki.hu\/index.php?rest_route=\/wp\/v2\/pages\/8"}],"collection":[{"href":"https:\/\/terplanszki.hu\/index.php?rest_route=\/wp\/v2\/pages"}],"about":[{"href":"https:\/\/terplanszki.hu\/index.php?rest_route=\/wp\/v2\/types\/page"}],"author":[{"embeddable":true,"href":"https:\/\/terplanszki.hu\/index.php?rest_route=\/wp\/v2\/users\/2"}],"replies":[{"embeddable":true,"href":"https:\/\/terplanszki.hu\/index.php?rest_route=%2Fwp%2Fv2%2Fcomments&post=8"}],"version-history":[{"count":10,"href":"https:\/\/terplanszki.hu\/index.php?rest_route=\/wp\/v2\/pages\/8\/revisions"}],"predecessor-version":[{"id":763,"href":"https:\/\/terplanszki.hu\/index.php?rest_route=\/wp\/v2\/pages\/8\/revisions\/763"}],"wp:attachment":[{"href":"https:\/\/terplanszki.hu\/index.php?rest_route=%2Fwp%2Fv2%2Fmedia&parent=8"}],"curies":[{"name":"wp","href":"https:\/\/api.w.org\/{rel}","templated":true}]}}

Elérhetőség

<ul><li><strong>OM azonosító:</strong>&nbsp;102547</li></ul>



<h2>Címek:</h2>



<ul><li><strong>cím:</strong> 5100 Jászberény, Szabadság tér. 1.</li><li><strong>postacím:</strong> 5100 Jászberény, Pf.: 164.</li></ul>



<h2>Telefonszámok:</h2>



<ul><li><strong>titkárság:</strong> +36&nbsp;57 505-440</li><li><strong>tanári:</strong>&nbsp;+36-57-505-449</li></ul>



<h2>Titkárság nyári nyitvatartása</h2>



<p>2025.07.07-2025.08.18 között a következõppen tartunk nyitva:</p>



<ul><li><strong>Hétfő</strong>: Zárva</li><li><strong>Kedd</strong>: 8:00-12:00</li><li><strong>Szerda</strong>: 08:00-16:00</li><li><strong>Csütörtök</strong>: 8:00-12:00</li><li><strong>Péntek</strong>: Zárva</li></ul>



<p>2025.07.04-én még a megszokott munkarendben 8-16 óra között lehetséges az ügyintézés.</p>



<iframe src="https://www.google.com/maps/embed?pb=!1m18!1m12!1m3!1d2695.4485601558263!2d19.912745315626815!3d47.50065497917777!2m3!1f0!2f0!3f0!3m2!1i1024!2i768!4f13.1!3m3!1m2!1s0x4741071cdb9d9d7d%3A0xabf1b587202cea17!2zSsOhc3piZXLDqW55LCBTemFiYWRzw6FnIHTDqXIgMSwgNTEwMA!5e0!3m2!1shu!2shu!4v1604076986359!5m2!1shu!2shu" width="600" height="450" frameborder="0" style="border:0;" allowfullscreen="" aria-hidden="false" tabindex="0"></iframe>

<p>OM azonosító:&nbsp;102547 Címek: cím: 5100 Jászberény, Szabadság tér. 1. postacím: 5100 Jászberény, Pf.: 164. Telefonszámok: titkárság: +36&nbsp;57 505-440 tanári:&nbsp;+36-57-505-449 Titkárság nyári nyitvatartása 2025.07.07-2025.08.18 között a következõppen tartunk nyitva: Hétfő: Zárva Kedd: 8:00-12:00 Szerda: 08:00-16:00 Csütörtök: 8:00-12:00 Péntek: Zárva 2025.07.04-én még a megszokott munkarendben 8-16 óra között lehetséges az ügyintézés.</p>
