{"id":86,"date":"2020-11-11T16:37:14","date_gmt":"2020-11-11T16:37:14","guid":{"rendered":"http:\/\/wp.terplanszki.hu\/?page_id=86"},"modified":"2026-01-05T16:15:35","modified_gmt":"2026-01-05T15:15:35","slug":"vizsganaptar","status":"publish","type":"page","link":"https:\/\/terplanszki.hu\/?page_id=86","title":{"rendered":"Nyelvvizsganapt\u00e1r"},"content":{"rendered":"\n<figure class=\"wp-block-image size-large\"><img loading=\"lazy\" width=\"690\" height=\"394\" src=\"https:\/\/terplanszki.hu\/wp-content\/uploads\/2026\/01\/image.png\" alt=\"\" class=\"wp-image-790\" srcset=\"https:\/\/terplanszki.hu\/wp-content\/uploads\/2026\/01\/image.png 690w, https:\/\/terplanszki.hu\/wp-content\/uploads\/2026\/01\/image-300x171.png 300w\" sizes=\"(max-width: 690px) 100vw, 690px\" \/><\/figure>\n\n\n\n<p>A BME Nyelvvizsgak\u00f6zpont a v\u00e1ltoztat\u00e1s jog\u00e1t fenntartja.<\/p>\n","protected":false},"excerpt":{"rendered":"<p>A BME Nyelvvizsgak\u00f6zpont a v\u00e1ltoztat\u00e1s jog\u00e1t fenntartja.<\/p>\n","protected":false},"author":2,"featured_media":0,"parent":0,"menu_order":0,"comment_status":"closed","ping_status":"closed","template":"","meta":[],"_links":{"self":[{"href":"https:\/\/terplanszki.hu\/index.php?rest_route=\/wp\/v2\/pages\/86"}],"collection":[{"href":"https:\/\/terplanszki.hu\/index.php?rest_route=\/wp\/v2\/pages"}],"about":[{"href":"https:\/\/terplanszki.hu\/index.php?rest_route=\/wp\/v2\/types\/page"}],"author":[{"embeddable":true,"href":"https:\/\/terplanszki.hu\/index.php?rest_route=\/wp\/v2\/users\/2"}],"replies":[{"embeddable":true,"href":"https:\/\/terplanszki.hu\/index.php?rest_route=%2Fwp%2Fv2%2Fcomments&post=86"}],"version-history":[{"count":20,"href":"https:\/\/terplanszki.hu\/index.php?rest_route=\/wp\/v2\/pages\/86\/revisions"}],"predecessor-version":[{"id":791,"href":"https:\/\/terplanszki.hu\/index.php?rest_route=\/wp\/v2\/pages\/86\/revisions\/791"}],"wp:attachment":[{"href":"https:\/\/terplanszki.hu\/index.php?rest_route=%2Fwp%2Fv2%2Fmedia&parent=86"}],"curies":[{"name":"wp","href":"https:\/\/api.w.org\/{rel}","templated":true}]}}